{"id":16,"date":"2020-01-31T19:21:28","date_gmt":"2020-01-31T19:21:28","guid":{"rendered":"https:\/\/chairematernite.ca\/?page_id=16"},"modified":"2021-04-27T12:11:35","modified_gmt":"2021-04-27T12:11:35","slug":"co-titulaires","status":"publish","type":"page","link":"https:\/\/chairematernite.ca\/en\/co-titulaires\/","title":{"rendered":"CO-CHAIRS"},"content":{"rendered":"<h3 class=\"wp-block-heading\">Marie-Marthe Cousineau<\/h3>\n\n\n\n<div class=\"wp-block-media-text alignwide is-stacked-on-mobile is-vertically-aligned-top\" style=\"grid-template-columns:27% auto\"><figure class=\"wp-block-media-text__media\"><img loading=\"lazy\" decoding=\"async\" width=\"214\" height=\"153\" src=\"https:\/\/chairematernite.ca\/wp-content\/uploads\/2020\/02\/MM_Cousineau_-_web.jpg\" alt=\"\" class=\"wp-image-87 size-full\"\/><\/figure><div class=\"wp-block-media-text__content\">\n<p class=\"translation-block\">Marie-Marthe Cousineau is a full professor at the School of Criminology of the Universit\u00e9 de Montreal (UdeM) and Vice-Dean, Graduate Studies, Professional and Training Partnerships at the Faculty of Arts and Science at UdeM. Holder of a PhD in sociology (UQAM, 1992), a master's degree and a bachelor's degree in criminology from UdeM, she is the university director of the Trajetvi research and action SSHRC partnership (Trajectoire de vie, de violence, de recherche d\u2019aide et de recours aux services des femmes victimes de violence en contextes de vuln\u00e9rabilit\u00e9) and of SAS-Femmes FQRSC team, among other contributions to research. Author of a hundred of publications and twice as many communications on provincial, national and international scenes, her fields of interest are grouped around violence against women: domestic violence, in the romantic relationships of young girls, and more generally in intimate relationships of women, forced marriages, violence committed in the name of honor, genital mutilation, and social and legal responses to such violence.<\/p>\n<\/div><\/div>\n\n\n\n<h2 class=\"wp-block-heading\"><\/h2>\n\n\n\n<h3 class=\"wp-block-heading\">Francois-Joseph Lapointe<\/h3>\n\n\n\n<div class=\"wp-block-media-text alignwide is-stacked-on-mobile is-vertically-aligned-top\" style=\"grid-template-columns:27% auto\"><figure class=\"wp-block-media-text__media\"><img loading=\"lazy\" decoding=\"async\" width=\"1024\" height=\"1024\" src=\"https:\/\/chairematernite.ca\/wp-content\/uploads\/2020\/07\/FJ_Lapointe-1024x1024.jpg\" alt=\"\" class=\"wp-image-250 size-full\" srcset=\"https:\/\/chairematernite.ca\/wp-content\/uploads\/2020\/07\/FJ_Lapointe-1024x1024.jpg 1024w, https:\/\/chairematernite.ca\/wp-content\/uploads\/2020\/07\/FJ_Lapointe-300x300.jpg 300w, https:\/\/chairematernite.ca\/wp-content\/uploads\/2020\/07\/FJ_Lapointe-150x150.jpg 150w, https:\/\/chairematernite.ca\/wp-content\/uploads\/2020\/07\/FJ_Lapointe-768x768.jpg 768w, https:\/\/chairematernite.ca\/wp-content\/uploads\/2020\/07\/FJ_Lapointe-100x100.jpg 100w, https:\/\/chairematernite.ca\/wp-content\/uploads\/2020\/07\/FJ_Lapointe.jpg 1181w\" sizes=\"auto, (max-width: 706px) 89vw, (max-width: 767px) 82vw, 740px\" \/><\/figure><div class=\"wp-block-media-text__content\">\n<p>Fran\u00e7ois-Joseph Lapointe, biologist and bioartist, is full professor at the Department of biological sciences, Universit\u00e9 de Montr\u00e9al.  As a scientist, he has published over 120 papers ranging from phylogenetics to molecular systematics and population genetics. As an artist, he applies biotechnology, genetics and microbiome research as a means of creation. His work as a bioartist and performance artist has been exhibited at Mus\u00e9e de la civilisation (Qu\u00e9bec), Transmediale (Berlin), New York Hall of Science Center (NYC), Ars Electronica (Linz), Medical Museion (Copenhagen), Science Gallery (London), and Centre Pompidou (Paris), among other places. His research and research-creation projects are funded by the Natural Sciences and Engineering Research Council of Canada (NSERC), the Social Sciences and Humanities Research Council of Canada (SSHRC), the Fonds de recherche du Qu\u00e9bec \u2013 Nature et Technologies (FRQNT) and Fonds de recherche du Qu\u00e9bec \u2013 Soci\u00e9t\u00e9 et Culture (FRQSC).<\/p>\n\n\n\n<p><a href=\"\/en\/www.fjlapointe.com\/\">Website <\/a>| <a rel=\"noreferrer noopener\" href=\"https:\/\/twitter.com\/fjlapointe?lang=fr\" target=\"_blank\">Twitter<\/a> | <a rel=\"noreferrer noopener\" href=\"https:\/\/www.instagram.com\/fjlapointe\/?hl=fr-ca\" target=\"_blank\">Instagram<\/a><\/p>\n<\/div><\/div>\n\n\n\n<h2 class=\"wp-block-heading\"><\/h2>\n\n\n\n<h3 class=\"wp-block-heading\">Vardit Ravitsky<\/h3>\n\n\n\n<div class=\"wp-block-media-text alignwide is-stacked-on-mobile is-vertically-aligned-top\" style=\"grid-template-columns:27% auto\"><figure class=\"wp-block-media-text__media\"><img loading=\"lazy\" decoding=\"async\" width=\"214\" height=\"300\" src=\"https:\/\/chairematernite.ca\/wp-content\/uploads\/2020\/07\/vardit2258-5x7-1-214x300.jpg\" alt=\"\" class=\"wp-image-107 size-full\"\/><\/figure><div class=\"wp-block-media-text__content\">\n<p>Vardit Ravitsky is Professor at the Bioethics Program, School of Public Health, University of Montreal. She is President of the International Association of Bioethics and Director of Ethics and Health at the Center for Research on Ethics. She is also a 2020 Fellow and Chair of the COVID 19 Impact Committee of the Pierre Elliott Trudeau Foundation. Ravitsky is member of the Standing Committee on Ethics of the Canadian Institutes of Health Research and of the National Human Genome Research Institute\u2019s (NHGRI) Genomics &amp; Society Working Group. Her research focuses on the ethics of genomics and reproduction and is funded by Canada\u2019s leading funding agencies, such as CIHR, FRQSC, SSHRC, and Genome Canada. She published over 150 articles and commentaries on bioethical issues.<\/p>\n<\/div><\/div>","protected":false},"excerpt":{"rendered":"<p>Marie-Marthe Cousineau Marie-Marthe Cousineau est professeure titulaire \u00e0 l\u2019\u00c9cole de criminologie de l\u2019Universit\u00e9 de Montr\u00e9al (UdeM) et vice-doyenne aux \u00e9tudes sup\u00e9rieures, formations et partenariats professionnels \u00e0 la Facult\u00e9 des arts et des sciences de l\u2019UdeM. D\u00e9tentrice d\u2019un doctorat en sociologie (UQAM, 1992) d\u2019une ma\u00eetrise et d\u2019un baccalaur\u00e9at en criminologie de l\u2019UdeM, elle est la directrice &hellip; <\/p>\n<p class=\"link-more\"><a href=\"https:\/\/chairematernite.ca\/en\/co-titulaires\/\" class=\"more-link\">Continue reading<span class=\"screen-reader-text\"> \u00ab\u00a0Cotitulaires\u00a0\u00bb<\/span><\/a><\/p>","protected":false},"author":1,"featured_media":0,"parent":0,"menu_order":0,"comment_status":"closed","ping_status":"closed","template":"","meta":{"footnotes":""},"class_list":["post-16","page","type-page","status-publish","hentry"],"_links":{"self":[{"href":"https:\/\/chairematernite.ca\/en\/wp-json\/wp\/v2\/pages\/16","targetHints":{"allow":["GET"]}}],"collection":[{"href":"https:\/\/chairematernite.ca\/en\/wp-json\/wp\/v2\/pages"}],"about":[{"href":"https:\/\/chairematernite.ca\/en\/wp-json\/wp\/v2\/types\/page"}],"author":[{"embeddable":true,"href":"https:\/\/chairematernite.ca\/en\/wp-json\/wp\/v2\/users\/1"}],"replies":[{"embeddable":true,"href":"https:\/\/chairematernite.ca\/en\/wp-json\/wp\/v2\/comments?post=16"}],"version-history":[{"count":23,"href":"https:\/\/chairematernite.ca\/en\/wp-json\/wp\/v2\/pages\/16\/revisions"}],"predecessor-version":[{"id":938,"href":"https:\/\/chairematernite.ca\/en\/wp-json\/wp\/v2\/pages\/16\/revisions\/938"}],"wp:attachment":[{"href":"https:\/\/chairematernite.ca\/en\/wp-json\/wp\/v2\/media?parent=16"}],"curies":[{"name":"wp","href":"https:\/\/api.w.org\/{rel}","templated":true}]}}

<h3 class="wp-block-heading">Marie-Marthe Cousineau</h3>



<div class="wp-block-media-text alignwide is-stacked-on-mobile is-vertically-aligned-top" style="grid-template-columns:27% auto"><figure class="wp-block-media-text__media"><img loading="lazy" decoding="async" width="214" height="153" src="https://chairematernite.ca/wp-content/uploads/2020/02/MM_Cousineau_-_web.jpg" alt="" class="wp-image-87 size-full"/></figure><div class="wp-block-media-text__content">
<p class="translation-block">Marie-Marthe Cousineau is a full professor at the School of Criminology of the Université de Montreal (UdeM) and Vice-Dean, Graduate Studies, Professional and Training Partnerships at the Faculty of Arts and Science at UdeM. Holder of a PhD in sociology (UQAM, 1992), a master's degree and a bachelor's degree in criminology from UdeM, she is the university director of the Trajetvi research and action SSHRC partnership (Trajectoire de vie, de violence, de recherche d’aide et de recours aux services des femmes victimes de violence en contextes de vulnérabilité) and of SAS-Femmes FQRSC team, among other contributions to research. Author of a hundred of publications and twice as many communications on provincial, national and international scenes, her fields of interest are grouped around violence against women: domestic violence, in the romantic relationships of young girls, and more generally in intimate relationships of women, forced marriages, violence committed in the name of honor, genital mutilation, and social and legal responses to such violence.</p>
</div></div>



<h2 class="wp-block-heading"></h2>



<h3 class="wp-block-heading">Francois-Joseph Lapointe</h3>



<div class="wp-block-media-text alignwide is-stacked-on-mobile is-vertically-aligned-top" style="grid-template-columns:27% auto"><figure class="wp-block-media-text__media"><img loading="lazy" decoding="async" width="1024" height="1024" src="https://chairematernite.ca/wp-content/uploads/2020/07/FJ_Lapointe-1024x1024.jpg" alt="" class="wp-image-250 size-full" srcset="https://chairematernite.ca/wp-content/uploads/2020/07/FJ_Lapointe-1024x1024.jpg 1024w, https://chairematernite.ca/wp-content/uploads/2020/07/FJ_Lapointe-300x300.jpg 300w, https://chairematernite.ca/wp-content/uploads/2020/07/FJ_Lapointe-150x150.jpg 150w, https://chairematernite.ca/wp-content/uploads/2020/07/FJ_Lapointe-768x768.jpg 768w, https://chairematernite.ca/wp-content/uploads/2020/07/FJ_Lapointe-100x100.jpg 100w, https://chairematernite.ca/wp-content/uploads/2020/07/FJ_Lapointe.jpg 1181w" sizes="auto, (max-width: 706px) 89vw, (max-width: 767px) 82vw, 740px" /></figure><div class="wp-block-media-text__content">
<p>François-Joseph Lapointe, biologist and bioartist, is full professor at the Department of biological sciences, Université de Montréal.  As a scientist, he has published over 120 papers ranging from phylogenetics to molecular systematics and population genetics. As an artist, he applies biotechnology, genetics and microbiome research as a means of creation. His work as a bioartist and performance artist has been exhibited at Musée de la civilisation (Québec), Transmediale (Berlin), New York Hall of Science Center (NYC), Ars Electronica (Linz), Medical Museion (Copenhagen), Science Gallery (London), and Centre Pompidou (Paris), among other places. His research and research-creation projects are funded by the Natural Sciences and Engineering Research Council of Canada (NSERC), the Social Sciences and Humanities Research Council of Canada (SSHRC), the Fonds de recherche du Québec – Nature et Technologies (FRQNT) and Fonds de recherche du Québec – Société et Culture (FRQSC).</p>



<p><a href="/en/www.fjlapointe.com/">Website </a>| <a rel="noreferrer noopener" href="https://twitter.com/fjlapointe?lang=fr" target="_blank">Twitter</a> | <a rel="noreferrer noopener" href="https://www.instagram.com/fjlapointe/?hl=fr-ca" target="_blank">Instagram</a></p>
</div></div>



<h2 class="wp-block-heading"></h2>



<h3 class="wp-block-heading">Vardit Ravitsky</h3>



<div class="wp-block-media-text alignwide is-stacked-on-mobile is-vertically-aligned-top" style="grid-template-columns:27% auto"><figure class="wp-block-media-text__media"><img loading="lazy" decoding="async" width="214" height="300" src="https://chairematernite.ca/wp-content/uploads/2020/07/vardit2258-5x7-1-214x300.jpg" alt="" class="wp-image-107 size-full"/></figure><div class="wp-block-media-text__content">
<p>Vardit Ravitsky is Professor at the Bioethics Program, School of Public Health, University of Montreal. She is President of the International Association of Bioethics and Director of Ethics and Health at the Center for Research on Ethics. She is also a 2020 Fellow and Chair of the COVID 19 Impact Committee of the Pierre Elliott Trudeau Foundation. Ravitsky is member of the Standing Committee on Ethics of the Canadian Institutes of Health Research and of the National Human Genome Research Institute’s (NHGRI) Genomics &amp; Society Working Group. Her research focuses on the ethics of genomics and reproduction and is funded by Canada’s leading funding agencies, such as CIHR, FRQSC, SSHRC, and Genome Canada. She published over 150 articles and commentaries on bioethical issues.</p>
</div></div>

<p>Marie-Marthe Cousineau Marie-Marthe Cousineau est professeure titulaire à l’École de criminologie de l’Université de Montréal (UdeM) et vice-doyenne aux études supérieures, formations et partenariats professionnels à la Faculté des arts et des sciences de l’UdeM. Détentrice d’un doctorat en sociologie (UQAM, 1992) d’une maîtrise et d’un baccalauréat en criminologie de l’UdeM, elle est la directrice &hellip; </p>
<p class="link-more"><a href="https://chairematernite.ca/en/co-titulaires/" class="more-link">Continue reading<span class="screen-reader-text"> « Cotitulaires »</span></a></p>
