{"id":32,"date":"2020-01-31T19:35:26","date_gmt":"2020-01-31T19:35:26","guid":{"rendered":"https:\/\/chairematernite.ca\/?page_id=32"},"modified":"2023-08-08T19:40:17","modified_gmt":"2023-08-08T19:40:17","slug":"nous-joindre","status":"publish","type":"page","link":"https:\/\/chairematernite.ca\/en\/nous-joindre\/","title":{"rendered":"Contact Us"},"content":{"rendered":"<p>The Chaire McConnell-Universit\u00e9 de Montr\u00e9al en recherche-cr\u00e9ation sur la r\u00e9appropriation de la maternit\u00e9 (2019-2023) project has now ended. \nWe invite you to join us January 2024 for our final exhibit at Galerie de l\u2019Universit\u00e9 de Montr\u00e9al. <\/p>\n\n\n\n<p>For more information: <a rel=\"noreferrer noopener\" href=\"https:\/\/www.centre-expo-udem.com\/\" target=\"_blank\">www.centre-expo-udem.com<\/a><\/p>\n\n\n\n<p>For any other questions related to the project, please contact professor Fran\u00e7ois-Joseph Lapointe at <a href=\"mailto:francois-joseph.lapointe@umontreal.ca\" target=\"_blank\" rel=\"noreferrer noopener\">francois-joseph.lapointe@umontreal.ca<\/a><\/p>\n\n\n\n<p><\/p>\n\n\n\n<p><\/p>","protected":false},"excerpt":{"rendered":"<p>Le projet de la Chaire McConnell-Universit\u00e9 de Montr\u00e9al en recherche-cr\u00e9ation sur la r\u00e9appropriation de la maternit\u00e9 (2019-2023) est malheureusement termin\u00e9 mais nous vous retrouverons en Janvier 2024 pour notre exposition finale, \u00e0 la Galerie de l&rsquo;Universit\u00e9 de Montr\u00e9al. Pour plus d&rsquo;informations : www.centre-expo-udem.com Pour toute question relative \u00e0 la Chaire, veuillez contacter le professeur Fran\u00e7ois-Joseph &hellip; <\/p>\n<p class=\"link-more\"><a href=\"https:\/\/chairematernite.ca\/en\/nous-joindre\/\" class=\"more-link\">Continue reading<span class=\"screen-reader-text\"> \u00ab\u00a0Nous joindre\u00a0\u00bb<\/span><\/a><\/p>","protected":false},"author":1,"featured_media":0,"parent":0,"menu_order":0,"comment_status":"closed","ping_status":"closed","template":"","meta":{"footnotes":""},"class_list":["post-32","page","type-page","status-publish","hentry"],"_links":{"self":[{"href":"https:\/\/chairematernite.ca\/en\/wp-json\/wp\/v2\/pages\/32","targetHints":{"allow":["GET"]}}],"collection":[{"href":"https:\/\/chairematernite.ca\/en\/wp-json\/wp\/v2\/pages"}],"about":[{"href":"https:\/\/chairematernite.ca\/en\/wp-json\/wp\/v2\/types\/page"}],"author":[{"embeddable":true,"href":"https:\/\/chairematernite.ca\/en\/wp-json\/wp\/v2\/users\/1"}],"replies":[{"embeddable":true,"href":"https:\/\/chairematernite.ca\/en\/wp-json\/wp\/v2\/comments?post=32"}],"version-history":[{"count":14,"href":"https:\/\/chairematernite.ca\/en\/wp-json\/wp\/v2\/pages\/32\/revisions"}],"predecessor-version":[{"id":1094,"href":"https:\/\/chairematernite.ca\/en\/wp-json\/wp\/v2\/pages\/32\/revisions\/1094"}],"wp:attachment":[{"href":"https:\/\/chairematernite.ca\/en\/wp-json\/wp\/v2\/media?parent=32"}],"curies":[{"name":"wp","href":"https:\/\/api.w.org\/{rel}","templated":true}]}}

<p>The Chaire McConnell-Université de Montréal en recherche-création sur la réappropriation de la maternité (2019-2023) project has now ended. 
We invite you to join us January 2024 for our final exhibit at Galerie de l’Université de Montréal. </p>



<p>For more information: <a rel="noreferrer noopener" href="https://www.centre-expo-udem.com/" target="_blank">www.centre-expo-udem.com</a></p>



<p>For any other questions related to the project, please contact professor François-Joseph Lapointe at <a href="mailto:francois-joseph.lapointe@umontreal.ca" target="_blank" rel="noreferrer noopener">francois-joseph.lapointe@umontreal.ca</a></p>



<p></p>



<p></p>

<p>Le projet de la Chaire McConnell-Université de Montréal en recherche-création sur la réappropriation de la maternité (2019-2023) est malheureusement terminé mais nous vous retrouverons en Janvier 2024 pour notre exposition finale, à la Galerie de l&rsquo;Université de Montréal. Pour plus d&rsquo;informations : www.centre-expo-udem.com Pour toute question relative à la Chaire, veuillez contacter le professeur François-Joseph &hellip; </p>
<p class="link-more"><a href="https://chairematernite.ca/en/nous-joindre/" class="more-link">Continue reading<span class="screen-reader-text"> « Nous joindre »</span></a></p>
